e tens digit of c?
3
Suppose -3*d + 10*a - 7*a + 3 = 0, d + a + 1 = 0. What is the tens digit of (12 + -8 - (-734 + d)) + 0?
3
What is the tens digit of 216/(72/126 + 0 + 4497/(-7980))?
6
Let k(o) = -o**3 + 39*o**2 - 37*o + 90. Let l(r) = -r + 42. Let v be l(4). What is the tens digit of k(v)?
2
What is the units digit of ((-6)/(-9))/2 + 876544/96?
1
Let f(x) = -773*x + 701. What is the hundreds digit of f(-5)?
5
Let z(h) = h**3 - 5*h**2 - 17*h + 9. Let b be z(7). Let r be 49/14*1*b/(-14). Suppose r*w - 239 = -0*w + 4*s, 409 = 5*w + 4*s. What is the tens digit of w?
8
Let c(p) = 94*p**2 - 2*p - 325. What is the tens digit of c(14)?
7
Let k(u) = u**3 + 6*u**2 - 5*u + 17. Let o be k(-7). Suppose -12 = -4*y, -2*z + o*y + 2890 = 5*y. What is the hundreds digit of z?
4
Suppose -3*h + k + 52 = -0*h, h = 2*k + 24. What is the hundreds digit of 1047/(h + -7 + -6)?
3
Let a(c) = 12*c**2 + 3*c - 2. Let y be a(2). Suppose 2*m + 136*n - 224 = 134*n, 5*n + 189 = 2*m. Let d = m - y. What is the units digit of d?
5
Let t = 129 - 44. Let y = -83 + t. What is the units digit of y?
2
Let j = 4866 - 4100. What is the tens digit of j?
6
Let d(t) = 108*t**2 + t - 2. Let r be 15/6 + 3/2. Suppose 5*o + r*j - 13 = 0, -4*j = -0*j - 8. What is the tens digit of d(o)?
0
Let a(c) = -57*c - 129. Let m be a(-5). Suppose 2*z - 8 = -2*z. Suppose z*u - m - 186 = 0. What is the units digit of u?
1
Let c be -2*-1*25/10. Suppose -c*m + 473 = 3*b, 4*b - 6*m + m = 654. What is the hundreds digit of b?
1
Suppose -9*t + u = -137955 - 14849, -5*t + 84880 = 5*u. What is the units digit of t?
8
Suppose 2*l - 6 = 2. Suppose -42 + 152 = l*s - 5*g, -2*s = 2*g - 46. Suppose 4 = s*j - 23*j. What is the units digit of j?
2
Suppose 77 = -2*v - 3*u, 7 = 5*u - 8. Let t be 1 - 8/20 - 5321/85. Let h = v - t. What is the units digit of h?
9
Suppose 0 = 5*o + 2*k + 26, -o - k = -4 + 11. What is the tens digit of 2 + (1/o - (-7605)/20)?
8
Suppose -s - 541970 = -64*s + 8*s. What is the hundreds digit of s?
8
Let a = 729 - -56013. What is the ten thousands digit of a?
5
What is the thousands digit of (143 + -145)*14/(-4) - -3*3561?
0
Let f(o) = 17*o + 232. Let n be f(-14). Let i(m) = -118*m + 5. What is the units digit of i(n)?
3
Let q be 1*3 + (-7)/(0 - -7). Let a be (4/8)/(q/(-4)). What is the units digit of (a - -1*57) + 2?
8
Suppose -2*v + 6*v = 8. Suppose -2*r - 4 = 0, v*p - 16 = -2*p + 2*r. Suppose a + p*a - 288 = 0. What is the units digit of a?
2
Suppose -15*n + 16*n = 131. Let u = n - 307. Let s = u + 295. What is the units digit of s?
9
Suppose 79*j - 3*r + 207078 = 82*j, -r + 276077 = 4*j. What is the tens digit of j?
1
What is the units digit of 712944/(-96)*(200/12)/(-5)?
5
Let u be 156/5*480/72. Suppose 30 = 2*v + 2*z - 72, u = 4*v + 3*z. What is the tens digit of v?
5
Let t(w) = w**3 + 13*w**2 - w + 4. Let u = 50 + -65. Let b be 3/(u/65) + 1. What is the hundreds digit of t(b)?
1
Let g(m) = -23*m**3 + 2*m + 2. Let z be g(-1). Let h(k) = -56*k + 12 + z*k**2 + 52*k + 2. What is the hundreds digit of h(3)?
2
Let i(s) = -s**3 - 10*s**2 - 5*s - 45. Let x be i(-10). Suppose -841 = -2*c + y, 4*y + 2099 = x*c + 5*y. What is the tens digit of c?
2
Let r be (10698/30 - -9)/((-2)/5). Let k = -602 - r. What is the hundreds digit of k?
3
Suppose -3*g = 4*c - 18 - 1952, 0 = -4*g - 4*c + 2624. What is the tens digit of g?
5
Let u = 782 + -778. Suppose -20 = 5*q, -u*k - 86 + 3210 = -4*q. What is the hundreds digit of k?
7
Let b = -8157 + 11795. What is the hundreds digit of b?
6
Let k = -7775 - -18566. What is the thousands digit of k?
0
Suppose -13*x + 287 + 77 = 0. Suppose 0 = x*t - 850 - 1474. What is the units digit of t?
3
Let b(m) = -1008*m - 3754. What is the hundreds digit of b(-6)?
2
Suppose -5*s = 5*n - 30, -4*n + 3*n - 5*s = -26. Let w be (4/3 + 1606/6)*n. Suppose 2*a - 2*f - w = 1, 0 = -2*f - 6. What is the units digit of a?
2
Let y(j) = 44*j**3 + 8*j**2 + 37*j - 251. What is the units digit of y(8)?
5
Suppose 504 = n + 126. Let w = -657 + n. Let h = 397 + w. What is the units digit of h?
8
Let s(q) = -32*q - 15. Suppose -6 = 5*g + 19. Let k be s(g). Suppose 3*j + 2*t - k = 0, 2*t + t + 114 = 2*j. What is the tens digit of j?
5
Let h(r) = 11*r**2 - 19*r + 630. Let d be (-44)/(-12)*3 + -3. Let u(n) = -4*n**2 + 7*n - 210. Let p(g) = d*u(g) + 3*h(g). What is the tens digit of p(0)?
1
Let p = -145 - -3456. Suppose 5*m - 12*m + p = 0. What is the units digit of m?
3
What is the hundreds digit of ((-6295)/(-15) + 5)*((-553)/(-14) + -5)?
6
Let l be 293/(-5) - -1*(-3)/(-5). Let b = 70 + l. Suppose b*n - 2*n = 1910. What is the hundreds digit of n?
1
Suppose -2*x - 1230*p + 60830 = -1225*p, 5*x + 5*p = 152135. What is the hundreds digit of x?
4
Let p = 13 + -9. Suppose -4*o = -2*s - 829 - 769, 0 = -o + p*s + 403. What is the units digit of o?
9
Let y = -22 - -25. Suppose -640 = -y*x - 7. Suppose 5*f = x + 579. What is the units digit of f?
8
Let a = -249 + 743. Let k = a - 186. Suppose -k = 8*o - 1316. What is the hundreds digit of o?
1
Let x(p) = 559*p**2 - 37*p - 30. What is the hundreds digit of x(4)?
7
Suppose -625*j - 245568 = -657*j. What is the tens digit of j?
7
Let w(x) = -12*x + 82. Let o be w(7). What is the hundreds digit of 81/o*598/(-69)?
3
Let i be (-1 - (-3)/2)/(2/932). Suppose i - 78 = v. What is the units digit of v?
5
Suppose 0 = 2*z - 3*z + 28. Suppose -1176 = 24*i - z*i. What is the hundreds digit of i?
2
Let z = -995 - -1431. Suppose 0 = 4*p - 5*u - z, -p - 5*u = -2*p + 94. What is the units digit of p?
4
Suppose -4*n = -4*f, 0 = -0*n + 2*n - f + 2. Let d(r) = -r**3 - 2*r**2 - 5*r - 4. Let g be d(n). What is the tens digit of ((-4)/(-12))/(2/178)*g?
7
Let y(r) = -r**2 - 4*r + 81. Let s be y(-11). Suppose -2*l + s + 380 = 0. What is the tens digit of l?
9
Let h be (-1 - -6)*32/20. What is the hundreds digit of (-1098)/(-24)*h + 1 + -5?
3
Suppose -5*o - 25 = -5*x, 8*x - 2*o = 12*x - 14. Suppose j - 20 = 4*a + 304, x*a = 20. What is the units digit of j?
4
What is the tens digit of (22061/(-39))/((-3)/27)?
9
Let z be (-1)/2 - (-42)/84. Suppose -70*r + 74*r - 1376 = z. What is the hundreds digit of r?
3
Suppose 4*q - 9*t - 1504 = -13*t, 3*q - 3*t = 1128. What is the units digit of 12*((-2)/(-8))/(4/q)?
2
Suppose 1048445 = 64*f + 248509. What is the tens digit of f?
9
Let p = -9694 - -33982. What is the units digit of p?
8
What is the hundreds digit of -9 - 672774/(-33) - (-3)/(-33)?
3
Let s(d) = 19*d**2 - 23*d - 20*d**2 - 6 - 3. Let k be s(-7). What is the units digit of k/((8/(1 - -3))/2)?
3
What is the thousands digit of 61580/3*(-72)/(-96)?
5
Let x(k) = k**3 - 53*k**2 - 263*k + 430. What is the tens digit of x(73)?
1
Suppose 8114*j - 8106*j - 10800 = 0. What is the tens digit of j?
5
Let i be -72 - -73 - (-525 - 1). Let u = i - 503. What is the tens digit of u?
2
Let o(d) be the first derivative of 1 - 2*d + 2 - 2*d**2 + 8*d. What is the tens digit of o(-1)?
1
Let o(i) = 13*i - 107. Let f be o(40). Let p = 450 - f. What is the tens digit of p?
3
Let c = -74 + 126. What is the units digit of c?
2
Let l(x) be the third derivative of 0 + 0*x + 34*x**2 + 13/60*x**5 - 7/24*x**4 - x**3. What is the units digit of l(5)?
4
Let u(j) = 8*j + 29. Let z(k) = -7*k - 43. Let y(p) = 6*p + 43. Let g(a) = 5*y(a) + 6*z(a). Let x(n) = 5*g(n) + 8*u(n). What is the tens digit of x(11)?
6
Let a = 121289 + -65285. What is the units digit of a?
4
Let y = -480 + 1030. Suppose -y*r = -543*r - 7805. What is the tens digit of r?
1
Let z(o) = -137*o - 6. Let f(q) = -684*q - 30. Let a(x) = 3*f(x) - 14*z(x). Let n(h) = -135*h - 5. Let k(y) = 6*a(y) - 7*n(y). What is the tens digit of k(1)?
4
Suppose 6*k - 456912 = -22*k - 128976. What is the tens digit of k?
1
What is the units digit of -1291*(-2)/8*2*(-60)/(-10)?
3
Let i(b) = -4*b**2 - 5*b**2 - 6 + 2*b - b**2. Let q be i(-3). What is the tens digit of (8*1)/((-12)/q)?
6
Suppose -h + 31862 = 5*m - 33415, -4*m = 0. What is the units digit of h?
7
Suppose -4*o + 2*o = 4*p - 1340, -4*p - o = -1336. Suppose 4*u - 1711 = 4*s + p, -u - s + 501 = 0. What is the tens digit of u?
0
Suppose -23*x = 8*x - 124. Suppose x*u = 108 + 252. What is the units digit of u?
0
Let v(f) = f**3 + f**2 - 10*f + 3. Let n be v(3). Suppose 1092 = 3*x + n*x. What is the units digit o